 - 2 = o. Let a = 4 - o. What is the units digit of (-2)/a - 14/(-3)?
4
Let y = 34 + -20. Suppose 5*w + 4 = y. Suppose -n - w = -5. What is the units digit of n?
3
What is the units digit of ((-2)/(-4))/(16/3072)?
6
Let q be 3/(-6)*-2*2. Suppose -4*u + 3*w = -121, -160 = -5*u - q*w + 4*w. Suppose -3*n + u - 1 = 0. What is the tens digit of n?
1
Suppose 7*g = 4*g. Let a = 13 - g. What is the tens digit of a?
1
Suppose -729 = -5*z + 2*t, 485 + 250 = 5*z - 5*t. What is the tens digit of z?
4
Suppose 7*t = -0*t + 525. What is the units digit of t?
5
Let g be (-1)/(-4) - 94/(-8). Suppose 2*s = 3*s + 3, -2*s = 2*a + g. Let z(p) = p**2 - p - 3. What is the units digit of z(a)?
9
Let b = 148 - -22. What is the hundreds digit of b?
1
Let d(s) = 2*s - 1. Let t be d(-6). Let h = t + 21. What is the units digit of h?
8
Let w(u) = -u**2 + 1 + 2*u**3 + 3*u**2 + 2*u - 3*u**3. Suppose 0*q - f = q - 1, f = 5*q + 7. What is the units digit of w(q)?
2
Let y(s) = 3*s - 3. Let a be y(2). Suppose 5 = i, 2*k - 65 = -2*i - a*i. What is the tens digit of k?
2
What is the tens digit of 2/3*(570/4)/5?
1
Suppose -q - 16 + 70 = 0. Suppose -6*h = -4*h + 72. Let l = q + h. What is the units digit of l?
8
Let j = 99 + -58. What is the tens digit of j?
4
Let l(s) = s**2. Let v be l(0). Suppose 0*x - 2*x = a, 2*x + 3*a + 4 = v. What is the units digit of x?
1
Suppose -l = -5*l + 232. What is the units digit of l?
8
Suppose 4*w - 3 = 3*w. Suppose 5*c - 6 = -3*y + w, 5*y + 2*c - 15 = 0. Suppose z = -y*z - 5*k + 12, z = -3*k + 3. What is the units digit of z?
3
Let d(s) = -23*s + 4. Let u be d(-3). Let l = -42 + u. What is the units digit of l?
1
Let z(x) = 20*x - 3. What is the units digit of z(4)?
7
Let y(s) = -s**3 - 6*s**2 + 2*s + 8. Suppose -3*p + 2 = 4*b, 5*p + b = 4 - 29. Let j be y(p). Let x = 4 - j. What is the units digit of x?
8
Suppose -t = 8*t - 1494. What is the units digit of t?
6
Let y(m) = 98*m**3 + m**2 - m. Let u be y(1). Let v = 140 - u. What is the units digit of v?
2
Let p be 0/(0 - (-2 + 4)). Suppose p*h + 30 = 5*h. What is the units digit of h?
6
Let w be 38/171 - 50/(-18). What is the units digit of (20 - 15)*1*w?
5
Suppose 4*b + 5*g - 45 + 8 = 0, -21 = -2*b - 5*g. What is the units digit of b?
8
Let h = 58 - -17. Suppose 62 = 2*j + w, h = 2*j - 3*w - 3. Suppose j + 24 = 3*l. What is the units digit of l?
9
Let k be 27/4 - 2/(-8). Suppose k*o - 3*o - c = 28, 3*o = 5*c + 4. Suppose -4*b + 2*p = -34, -2*b + 0*p - 2*p = -o. What is the units digit of b?
7
Let g(c) = -c**2 + 8*c + 11. What is the tens digit of g(6)?
2
Let p(b) be the second derivative of b**5/20 - b**4/12 + 10*b**2 + 2*b. Let z be (-4)/8 + (-1)/(-2). What is the units digit of p(z)?
0
Let c(d) = -d - 1. Let f be c(4). Let x be (-34 - -4)/(2/(-1)). Let s = f + x. What is the tens digit of s?
1
Let q be 0 + -2 - (-5 - -1). Suppose 0 = 4*f - f - 3. Suppose h = -f + q. What is the units digit of h?
1
Suppose 2*s - 5*s = 0. Suppose -3*j + j - 3*i + 16 = s, j - 14 = -3*i. Suppose 0*x = -x + j. What is the units digit of x?
2
Let u(s) = s**2 - 12*s - 15. What is the tens digit of u(-12)?
7
Let z be ((-33)/15 + 3)*-5. Let a(c) = -c**2 - 7*c + 2. What is the tens digit of a(z)?
1
Suppose w = -1 - 2. Let x be -1 + ((-2)/(-1) - w). Let h = 10 - x. What is the units digit of h?
6
Let c(z) = z - 13. Let i be c(10). What is the units digit of 1/3 - 59/i?
0
Let t = -34 - -62. What is the units digit of t?
8
Let k(f) = -4*f**2 + 10 - 2*f**2 - f**3 - 9*f**2. What is the tens digit of k(-15)?
1
Let u(c) = c**2 - 4. Let r(z) = 2*z**2 + 5*z + 3. Let a be r(-5). Let j be a/6 + 2/(-3). What is the units digit of u(j)?
2
Suppose -2*j - 3*j = 20. Let q = j - -9. Suppose -2*m + q*m - 21 = 0. What is the units digit of m?
7
Let u = -2 + -28. Let l = 42 + u. Suppose 0 = 2*g - 3*g + 3*d - l, d - 11 = -2*g. What is the units digit of g?
3
Suppose -2*c + 15 = 3*c. Suppose 0 = 4*l + 4*r + 8, -2*r - c*r + 2 = 2*l. Let j = l + 8. What is the units digit of j?
4
Let t be (-2)/(-6)*(5 - 2). Let i(s) = 3*s**2 - 2*s + 7. Let g(q) = q**2 - q + 3. Let u(n) = -5*g(n) + 2*i(n). What is the units digit of u(t)?
1
Suppose -5*s = 1 + 14. What is the units digit of (-28)/((-1)/s*-3)?
8
Let a be 4/((-2)/3*3). What is the units digit of 33/a*14/(-21)?
1
Suppose -5*d - 274 = -2*f + 319, -d = -5*f + 1494. What is the tens digit of f?
9
Let u = 10 - -3. Suppose -j + 4*b - 19 = 0, 4*j - u - 6 = -3*b. What is the units digit of j?
1
Let d = 135 + -32. What is the units digit of d?
3
Let t = 21 + -30. Let n = 10 + t. What is the units digit of n?
1
What is the units digit of -159*4/(-12)*4?
2
Suppose 44 = 5*t - t. Suppose 4*w = 2*w + 4. Let z = t + w. What is the units digit of z?
3
Suppose 2 = -4*l + 158. What is the tens digit of 1/(-1*(-3)/l)?
1
Suppose -54 = 8*b - 5*b. What is the units digit of (0 - -24)*b/(-24)?
8
Suppose z = 5*m - 17, -5*z + 11 = -4. Suppose -1 + m = 3*a. What is the units digit of a?
1
Let y = -1 + 0. Let p = y - 2. What is the tens digit of (-1)/p - 87/(-9)?
1
Let s(r) = -r + 6. Let q be s(4). Suppose 2*a + q*a = 164. Suppose -a = -5*l + 9. What is the tens digit of l?
1
Let b = -20 - -74. Suppose b = -3*n + 6*n. What is the tens digit of n?
1
Suppose -4*o + 5*u + 17 = 0, 3*u = -3*o + u - 16. Let r be (2 + -3)*3 + o. Let z = r - -7. What is the units digit of z?
2
Let d(o) = -o**3 - 11*o**2 - 13*o - 13. Suppose 0 = -f - 2*f + 3*b - 45, 10 = 2*b. What is the tens digit of d(f)?
1
Suppose 4*s - 8 = -0. Suppose f - s = -5*n, -4*f + 96 = -n - n. What is the units digit of f?
2
Suppose -8*n = -4*n - 100. Suppose -5*w = n - 125. What is the tens digit of w?
2
Let f = 12 + -3. What is the units digit of f?
9
Let o = 4 + -4. Suppose -x + o*x = 3*f - 13, 5*x + 2*f = 13. What is the units digit of x?
1
Let s be -1 + -63 - (0 + -1). What is the units digit of (-4 - (-20)/6)*s?
2
Let r(s) = 21*s + 9. What is the hundreds digit of r(9)?
1
Let q = 52 - 36. Let z = -11 + q. Suppose 0 = -3*s - 2*j + 41, z*s - 49 = j + 2. What is the tens digit of s?
1
Suppose -475 - 449 = -7*p. What is the tens digit of p?
3
Let x be -4 + (0 - (3 + -5)). What is the units digit of x - (-12 + -2 - -3)?
9
Let t(a) = a**3 + 8*a**2 - 5*a - 14. What is the units digit of t(-8)?
6
Let b(x) = -x - 3. Let h be b(-5). Suppose 3*v + 4*l - 76 = 0, -3*v - 4*l + 36 = -h*v. What is the units digit of v?
0
Let h = 9 - 6. Suppose r - 22 + h = 0. What is the units digit of r?
9
Suppose 40 = 2*f - 52. What is the units digit of f?
6
Let z be (26 + -3 + 0)/1. What is the units digit of (4 - 1 - 1) + z?
5
Suppose -t = -3*l + l - 128, 3*t = -5*l + 406. What is the tens digit of t?
3
Let d(n) = n**3 - n**2 - 2. Let b be d(2). Suppose b*i = i + 27. What is the tens digit of i?
2
Let c = 104 - -311. What is the units digit of c?
5
Suppose -5*r = -r - 20. What is the units digit of r?
5
Let o(f) = -24*f - 18. What is the units digit of o(-5)?
2
Let o(f) = 4*f + 2*f**2 + 0*f**3 - f**3 + 3 - 1. Let r(p) = p. Let s be r(-2). What is the tens digit of o(s)?
1
Let l = 68 - 26. What is the tens digit of l?
4
Let o = -3 + -5. What is the units digit of (o/(-10))/(6/75)?
0
Let y be -1*2*(-6 - -4). Suppose -8 = -y*i - 4*n, i - 4*i + 2*n + 1 = 0. What is the units digit of i?
1
Let b = -78 - -35. Let h = 4 - b. What is the tens digit of h?
4
Suppose 3*b - 2*b - 10 = 5*s, -130 = -5*b + 5*s. What is the units digit of b?
0
Suppose -16 = -2*p + v - 5, -3*p - 5*v + 23 = 0. Suppose -2*t + 3*y = -p*t + 5, -3*y - 7 = -2*t. What is the units digit of t?
2
Let m = 18 + -9. What is the units digit of m?
9
Let g = -44 - -66. What is the units digit of g?
2
Suppose -111 = -5*y + 4. What is the units digit of y?
3
Let v = 0 + 1. What is the units digit of v?
1
Suppose -n + 2*z + 8 = 0, -6*n + 17 = -2*n - 5*z. Let l(p) = 2*p - 6. Let y be l(-11). What is the tens digit of (-3 - -1) + y/n?
1
Let m(p) = 2*p - 3. Let d be m(3). Suppose -4*y - 40 = -4*r, d*y - 21 = -3*r + 9. What is the tens digit of r?
1
Suppose -g + 28 = -4*d, -d - 17 - 20 = -4*g. What is the units digit of (g/12)/(6/261)?
9
Suppose 3*i + 0*i - 30 = 0. What is the units digit of i?
0
Suppose 8 = -t + 37. Let y = -17 + t. What is the units digit of y?
2
Suppose 2*j = 5*j. Suppose 3*z = -2*q + 9, 0 = 2*z - j*z + 3*q - 6. What is th